z + 106. What is the units digit of l(o)?
6
Suppose -f - 384 = 3*f. What is the units digit of (1/((-8)/f))/((-1)/(-68))?
6
Suppose -91 - 53 = 4*s. Let a(o) = 2*o**2 - 20*o - 192. Let q be a(17). Let k = s + q. What is the tens digit of k?
1
Suppose 4*h - 18*h = -27*h + 19994. What is the thousands digit of h?
1
Let o(i) = 6*i - 29. Let w(b) = -6*b + 30. Let d(j) = -2*o(j) - 3*w(j). Let a be d(6). What is the tens digit of 2/a - 318/(-12)?
2
Suppose -28*h + 2430 = -27*h + 5*u, 3*h + 4*u - 7279 = 0. What is the thousands digit of h?
2
Suppose -28*p - 21725 = -30*p + 5*j, 4*p + 3*j = 43411. What is the ten thousands digit of p?
1
Let b(t) = 408*t**2 - t + 4. Let d be b(2). Suppose 19*q - 5890 = d. What is the tens digit of q?
9
Let j = -2981 - -5519. Suppose 4*o + 5*o = j. What is the units digit of o?
2
Let h = -13 + 242. Suppose -5*k + 1654 = h. What is the units digit of k?
5
Suppose -42*d - 3*j = -48*d + 364773, 45 = -5*j. What is the tens digit of d?
9
Suppose -4*p - 6*p = 8*p - 72234. What is the units digit of p?
3
Let z be (-3 - 6)/9 + (14481 - 0). Suppose 0 = 6*x - 26*x + z. What is the hundreds digit of x?
7
Let c(u) = 33*u**3 - 81*u**2 + 27*u + 2. What is the thousands digit of c(8)?
1
What is the thousands digit of 7188962/664 + 3/(-4)?
0
What is the tens digit of -5 + (17299 + (9 - 5))/(1 - 0)?
9
Let n(c) = 6*c**3 - 34*c**2 + 44*c + 1. What is the tens digit of n(14)?
1
Suppose -5 = 5*g, -683*c - 2*g + 7 = -680*c. Suppose 3*v - 32 = -v. Suppose -v*h = -c*h - 15, -3*h + 704 = 5*x. What is the tens digit of x?
3
Suppose -63*s + 173369 = -178738. What is the tens digit of s?
8
Let n(k) be the first derivative of -7*k**4/12 - 7*k**3 - 19*k**2/2 - 2. Let j(t) be the second derivative of n(t). What is the hundreds digit of j(-22)?
2
Let v = -40635 - -76931. What is the ten thousands digit of v?
3
Let s(n) = 2*n**2 - 2*n - 3. Let m be s(2). What is the units digit of (6 - 3)/(5/2 - m)?
2
Suppose -39*a + 29 = -88. Suppose 0*q + 5*q + 4705 = 3*t, -4711 = -a*t - q. What is the hundreds digit of t?
5
Let u = -66844 - -118523. What is the units digit of u?
9
What is the thousands digit of 5/5 - 34784/(-8)?
4
Let g = 125 - 125. What is the tens digit of (-1235)/(-5) + 3 + g?
5
Suppose -35*p + 33*p = -18. Let m be (21/p + -2)*(0 - 0). Suppose m = -5*n + 4*d + 242, -5*n - 4*d + 80 = -3*n. What is the units digit of n?
6
Suppose -5*y - 4*z - z = -30, -4*y - 8*z = -32. Let k be ((-5)/4)/((-2)/8). Suppose -y*w + 201 = -k*j, -5*w + j = -0*j - 225. What is the tens digit of w?
4
Let a(p) = p**2 + 8*p - 33. Let j = -82 + 89. What is the units digit of a(j)?
2
Let f = -87 + 114. Suppose f = -3*j + 12*j. Suppose 2*t - l + j*l - 268 = 0, 658 = 5*t - l. What is the hundreds digit of t?
1
Suppose 767 = -10*b + 2767. Suppose 2*r = p - b, -5*r + 64 = 2*p - 300. What is the tens digit of p?
9
Let y(h) = -h**2 + 6*h + 1. Let m be y(5). Suppose 404 = 10*c - m*c. Let g = -62 + c. What is the units digit of g?
9
Suppose -5*d - c = -175439, 27*d - 26*d + 2*c = 35095. What is the ten thousands digit of d?
3
Suppose 5*f - 5*g = 2*f + 24, -2*g + 24 = 3*f. What is the units digit of 142/(-6)*f/((-40)/15)?
1
Let b(c) = -c**3 - 14*c**2 - 24*c - 57. Let v be b(-13). Let r = v + 775. What is the tens digit of r?
6
Suppose 0 = 304*t + 24*t - 1461896. What is the hundreds digit of t?
4
Let x(b) = -46*b**2 + b. Let m be x(1). Let a = 18 + m. Let h = a + 55. What is the units digit of h?
8
Let n(m) be the first derivative of 3*m**3 + 3*m**2 - 5. Let z be n(8). What is the tens digit of (5/(-4))/((-12)/z)?
6
Suppose -2 = 6*r + 4. Let c be (r/2 - -1)/1*554. Suppose -3*i = 34 - c. What is the tens digit of i?
8
Let d = -64 + 69. Suppose -2*g + 3 - 7 = 0, d*g = 5*o - 20. Suppose 0*h + 100 = o*a + 3*h, 2*a - 132 = 5*h. What is the units digit of a?
6
Let q = 422 + -193. Suppose -5654 + q = -7*j. Suppose 15*c - j = 10*c. What is the tens digit of c?
5
Suppose -4*f = 3*i + 12870, -10*i - 2*f - 12864 = -7*i. Let w = -2785 - i. What is the hundreds digit of w?
5
Suppose -589*m = -686*m + 2104318. What is the thousands digit of m?
1
Let q(p) = 396*p - 2722. What is the tens digit of q(8)?
4
Suppose -2*s - 16 = -q, -5 + 31 = -3*s + 2*q. Suppose 5*w + 5 + 10 = -l, -3*l = -4*w + 7. What is the units digit of -3 + w/(s/327)?
6
What is the hundreds digit of ((-47939)/12)/(195/(-2340))?
9
Suppose 6 = 2*l - 12. Suppose 3 = -3*z + l. Suppose -3*t = -4*u + 237, -z*t - 279 = -5*u - 4*t. What is the tens digit of u?
5
Let z(r) = 2*r - 1. Let j be z(1). Let c(t) = 3*t**3 + 3*t**2 - 4*t + 2. Let w be c(j). Suppose -14 = 3*p + w*n - 5, p + 5 = -2*n. What is the units digit of p?
1
Let j = -15047 + 21397. What is the hundreds digit of j?
3
Let t = 48 - -3521. What is the units digit of t?
9
Suppose 4*b + 2*r - 6258 = 0, 10*b - 7*b - 3*r = 4680. Suppose b = g + 5*s, 8*g + 4*s = 6*g + 3150. What is the units digit of g?
3
What is the units digit of (-450)/180 + 3/2*2383?
2
What is the units digit of (-17)/((-51)/23931) - -11?
8
Suppose 247*f - 243*f + 420 = 0. What is the tens digit of (-5866)/4*30/f?
1
Let s(i) = -12*i + i - 18*i - 4 + 14*i. Let d(q) = -3*q. Let g be d(1). What is the units digit of s(g)?
1
Let t(p) = -p**3 - 20*p**2 - 338*p - 92. What is the tens digit of t(-36)?
1
What is the units digit of 3 + 72832/12 + (-42)/(-63)?
3
Let u be 78/15 + 5/(-25). Suppose 5*l - u*p = 1043 + 1247, 0 = -3*l - p + 1386. Suppose 2*v = -6, 0 = -4*x + 3*v - 4*v + l. What is the hundreds digit of x?
1
Let m = 2168 - 921. What is the tens digit of (3 + -5 - -3) + m?
4
Let d = -265 + 270. Let l be 0 + 1943 + (5 - 6). Suppose -d*o - 817 = -l. What is the units digit of o?
5
Suppose -16*r + 15*r = -711. Let f = -567 + r. What is the hundreds digit of f?
1
Let w(t) = -21*t - 2. Suppose 23 = -4*i + 15. Let g be w(i). Suppose 2*n + g = 3*n. What is the units digit of n?
0
Let r(s) = 150*s**2 + 7*s + 10. Let v be r(3). Let l = v - 593. What is the tens digit of l?
8
Let a(n) = -n**2 + 11*n + 43. Let b be a(14). What is the hundreds digit of (-4)/b - (-5 + 6 - 251)?
2
Suppose -20638 = -3*p + k, -17*p = -14*p + 4*k - 20618. What is the hundreds digit of p?
8
Suppose 101*w - 48 = 77*w. Let i = -379 + 225. What is the tens digit of (i/(4/(-4)))/w?
7
Suppose 37*j - 33*j = 16. Suppose -3*o - j*f + 2301 = 0, -5*o + 22*f = 19*f - 3835. What is the tens digit of o?
6
Let x = -105 - -107. Let h be -10*((-8)/2 - (8 - x)). Let o = h - 66. What is the tens digit of o?
3
Let m(b) = 36*b**2 - 7*b - 2. Let t(p) = -24*p**2 + 5*p + 1. Let x(z) = 5*m(z) + 7*t(z). Let u be x(-2). Let r = -25 + u. What is the units digit of r?
0
Let t = 11 + 5. Suppose 5*s - 9*s + t = 0. Suppose -4*u + 5*w = u - 1095, -1093 = -5*u + s*w. What is the units digit of u?
7
Suppose -35*x = -30*x + 2*w - 45708, x = w + 9143. What is the hundreds digit of x?
1
What is the hundreds digit of 4125/((-154)/14)*-122?
7
What is the hundreds digit of 808/32*904 - -13?
8
Suppose 0 = -q + l + 6333, l - 33506 = -4*q - 8184. What is the units digit of q?
1
Suppose 0 = 29*u - 36102 - 234062. What is the thousands digit of u?
9
Let w(u) = 2 + 26*u**3 + 15*u**2 - 25*u + 7 - 27*u**3. What is the hundreds digit of w(9)?
2
Let w be 2 + -1 + (56 - -16). Suppose 6*p + 35 = -w. Let u(v) = v**2 + 10*v + 6. What is the tens digit of u(p)?
5
What is the thousands digit of (-108*7/(-168))/((-1)/((-2200)/6))?
1
Let k = -265 - -18518. What is the units digit of k?
3
Suppose 31*l - 5*l = -7956. What is the hundreds digit of 65/(4 - l/(-78))?
8
Let r = 6132 + -1945. What is the thousands digit of r?
4
Let j(y) = 513*y - 1211. What is the thousands digit of j(35)?
6
Let s = -38612 + 88794. What is the thousands digit of s?
0
Let t be (36/8 + -3)*-4. What is the hundreds digit of (546 + 20)*t/(-4)?
8
Let m be 2/(-5) + (-78)/5. What is the units digit of m*(-3)/9*144?
8
Suppose 20*a - 21*a - 3*u = -177, -552 = -3*a - 2*u. Suppose 7497 = -179*m + a*m. What is the hundreds digit of m?
0
Suppose n - c = 3*n - 20, 4*n + c = 38. Let a(m) = m**3 - 12*m**2 + 26*m + 2. Let q be a(n). What is the units digit of -1*(-133 - (q - -5))?
1
Suppose -5 = -m - 3*m - 5*p, 4*m - 3*p = 29. Suppose r - 54 = -g, 4*r = 7*r + m*g - 154. What is the units digit of r?
8
Let u(o) = 3*o + 13. Let r be u(-6). Let p(